= -f**2 + 84. Let d be m(0). Calculate the greatest common divisor of i and d.
12
Suppose 4*s = -4*v + 108, 5*v = v + 3*s + 143. Suppose -3*o = 3*w - w - v, 3*o = w + 29. Let q = 15 + -10. What is the greatest common factor of q and o?
5
Let n = -13 + 27. Suppose -2*o = -3*o + 35. Calculate the greatest common factor of o and n.
7
Suppose -19*b + 264 = -15*b. Calculate the highest common divisor of b and 6.
6
Let b(p) = p**2 + 3*p - 4. Let a be b(-5). Suppose l = a*l - 280. Calculate the highest common factor of l and 8.
8
Suppose -i = -5*s + 33, i - s = -0*s - 17. Let h = -9 - i. Let z = 5 + h. Calculate the highest common divisor of z and 18.
9
Let d(p) = p**3 + p**2 + 38. Let j be d(0). Suppose 3 = -3*q, -4*f - 5*q = -0*q - 375. What is the greatest common divisor of j and f?
19
Suppose -5*d + 300 = -4*k, -3*d + 3*k - 32 = -209. Calculate the highest common factor of d and 16.
16
Suppose -a - 10 = -3*a + 5*q, -3*a + q = -2. Let r be (-2)/(-1 - -2)*-2. Let f = r - a. What is the highest common factor of f and 4?
4
Let z(g) = -g**3 - 6*g**2 + 3*g + 1. Let j be z(-5). Let h = j + 159. Let p be (-15)/2*(-2)/1. What is the highest common factor of p and h?
15
Suppose 1398 = 5*c - 3*b - 142, 2*c = -5*b + 616. What is the highest common divisor of 28 and c?
28
Suppose 7*b + 156 = 10*b. Calculate the greatest common divisor of b and 13.
13
Let p = -20 - -29. Suppose -3*m + 8 = m. Suppose m*v + 21 = 57. Calculate the highest common factor of p and v.
9
Let w = 166 - -136. Suppose -5*d = -2*o - w, -124 = -2*d + 2*o + 2*o. What is the greatest common divisor of 40 and d?
20
Suppose 0*h - 3*h = -6. Suppose 0 = 5*n + m - 95, 6*m - 2*m = 5*n - 70. Suppose -g - n = -h*g. What is the greatest common divisor of 9 and g?
9
Suppose 3*z + 105 - 315 = 0. Let l = -14 - -28. What is the highest common factor of z and l?
14
Let s(v) = 0 - 4 + 12*v + 2. Let z be s(5). Let d = z - 41. Calculate the highest common divisor of d and 51.
17
Suppose 3*i + 67 = j, -3*j + 2*i + i = -177. Let d = -37 + j. What is the greatest common factor of d and 45?
9
Let w(n) = n**3 - n**2 + 20. Let b be w(0). Suppose b = -4*m + 9*m. What is the greatest common factor of m and 12?
4
Let o = 12 - -30. Let t = -3 + 11. Suppose 2*q = t + 6. What is the highest common divisor of q and o?
7
Let f be 1/3 + 2/3. Let y(l) = l**3 + 5*l**2 - 2*l + 1. Let u be y(-5). What is the greatest common divisor of f and u?
1
Suppose -2*w + 22 = -x, -7 - 4 = -w + 5*x. Suppose 14 = -5*r - w, -3*y = -3*r - 45. Calculate the greatest common divisor of 5 and y.
5
Let c(a) = -a**2 + 2 + 5*a - 2*a - 2*a - a**3. Suppose 3*k + 2 = -4. Let q be c(k). Calculate the highest common factor of 6 and q.
2
Let j(r) = -r - r**2 + 14 - r**2 + 3*r**2. Let z be j(8). Let g = 32 + -18. What is the highest common factor of g and z?
14
Let c be (-22)/(-4)*(6 - -2). Suppose 88 = 9*b - b. What is the highest common factor of c and b?
11
Let g = -114 + 269. Suppose -5*d + 0*d = -g. Suppose -4*t + d = z, -3*z - 29 = -6*z + 4*t. Calculate the highest common factor of 15 and z.
15
Let m be (3 - 5 - -3)*0. Suppose m = -n + 20 + 12. What is the highest common factor of 8 and n?
8
Suppose -3*c = -1 - 14. Calculate the greatest common divisor of 1 and c.
1
Suppose 2*s = 6*s - 4. Let v(t) = 64*t - 1. Let z be v(s). Suppose -3*m + 2*a + 2*a = -106, -a + 47 = m. Calculate the highest common divisor of z and m.
21
Let n be (-10)/(-6)*(21 + 0). Calculate the greatest common factor of n and 7.
7
Let c(f) = 47*f**2 + 3*f + 4. Let m be c(2). Calculate the greatest common factor of m and 22.
22
Let s(v) = -v**3 + 9*v**2 + 4*v + 6. Let o be s(9). What is the greatest common factor of o and 6?
6
Suppose 0 = -f - 2*f + 15. Suppose 15 = -4*q - q, -5*q - 135 = -f*m. Suppose 4*j + 15 = 9*j. What is the highest common factor of j and m?
3
Let c(a) = a**2 - 6*a + 7. Let r be c(5). Suppose 2*h - 1660 = -r*h. Suppose -4*t + h = 5*q - 2*t, -4*t = -20. What is the highest common factor of q and 9?
9
Suppose -s = 4*i - 219, -4*i + s = -2*s - 239. Calculate the greatest common factor of i and 8.
8
Suppose -4*v + 37 = 3*b + 1, -v - b + 8 = 0. Let y be (-22)/(5/(-4) + 1). Suppose z = 2*z + 1, -d + 4*z = -y. Calculate the highest common factor of d and v.
12
Suppose -b = b - 2*l - 1152, 2*b - 1152 = -2*l. Suppose b = 4*v + 4*v. Calculate the greatest common divisor of v and 18.
18
Let a = 2 + 0. Suppose a*s - s - 10 = 0. Calculate the highest common factor of s and 25.
5
Suppose 2*y + 13 - 29 = 0. Suppose x - 93 = -2*x. Let w = -19 + x. What is the greatest common divisor of y and w?
4
Let g be ((-69)/(-12))/(2/8). Let m(q) = 18*q + 3. Let f be m(3). Let j = f - 34. What is the greatest common divisor of j and g?
23
Let x = 21 - -9. Suppose 6*y - 13 = -j + 3*y, 2*j + 4*y = 18. Suppose -2*p + 21 = j. What is the greatest common divisor of x and p?
10
Let s be (132/55)/(4/10). Let n = 24 - -10. Suppose 4*h - n = 2*f + 140, -5*h - 2*f = -204. Calculate the highest common divisor of s and h.
6
Let q be -9 + 5 + (-2 - -9). What is the highest common factor of q and 1?
1
Suppose 4*r - 67 = 4*x + 9, 4*r - 13 = x. Let s be (60/x)/((-2)/7). Calculate the highest common factor of 110 and s.
10
Suppose -2*h + 4*h - 30 = 0. Let b be -4*3*2/3. Let l be 2/(-2) - 2*b. Calculate the greatest common divisor of h and l.
15
Let s(u) = -72*u - 12. Let j be s(-1). Suppose -2*q - 4*n = -52, 3*q - 4*n = -23 + 91. What is the greatest common factor of j and q?
12
Let a = -4 - -1. Let k = a + 4. Let w be (-2)/(-4) - 5/(-2). What is the highest common factor of k and w?
1
Let v = 15 + -11. Suppose v*y - 29 = 3. Suppose 0 = -4*d + 8*d - 288. What is the highest common factor of d and y?
8
Let x be ((-24)/9 - -2)*-6. Suppose b = -x*b + 200. What is the highest common divisor of b and 20?
20
Let n be (-3)/1*4/(-6). Let y be n/(-14)*-6*7. What is the greatest common divisor of y and 48?
6
Let a(r) = 9*r**3 - 1. Let j be a(1). Let o be (-1)/(3/3) + 17. What is the highest common divisor of o and j?
8
Suppose 0 = 4*g - 107 + 59. Calculate the highest common divisor of g and 60.
12
Suppose 4*a - 389 = -4*n + 203, 4*n = -5*a + 742. What is the highest common factor of 25 and a?
25
Let t(m) = 5*m**2 + 3. Let q be t(-3). Calculate the highest common divisor of 72 and q.
24
Let w = 165 + -67. Let j(d) = -d**2 + d. Let f(k) = -2*k**2 + 6*k - 4. Let s(y) = f(y) - 3*j(y). Let t be s(-6). What is the greatest common divisor of w and t?
14
Suppose -z + 2*v = -19, z + 3*v - 38 = -z. Calculate the highest common divisor of z and 19.
19
Suppose -14*s = -2*s - 1080. Let q be (-14 + -1)*(-2)/3. Calculate the greatest common divisor of q and s.
10
Suppose -l + 0 = w - 36, 3*l + 4*w = 111. What is the highest common factor of l and 297?
33
Let z(p) = 3*p**2 - 7*p + 6. Let k be z(6). Let i = -80 - -88. Calculate the greatest common factor of i and k.
8
Suppose 0 = 3*b + 3*z - 3, -5 = -b + 4*z + 6. Let w = b + 10. Calculate the greatest common divisor of 117 and w.
13
Suppose -3*g - 3*o = -27, -14 = -3*g + g - o. What is the greatest common factor of g and 15?
5
Let p = 4 - 3. Let g be (-1)/(p + (-10)/8). Let w be (-3)/g - 86/(-8). What is the highest common divisor of w and 4?
2
Let w be (-24)/(-56) + 722/14. Suppose 4*g - 5*q = w, -2*q + 18 + 62 = 4*g. What is the greatest common divisor of 90 and g?
18
Let l(w) = w**2 - w + 1. Let v be l(7). Suppose 138 - 13 = 5*s. Let q = v - s. Calculate the greatest common divisor of 45 and q.
9
Let j be (9 - -2) + (1 - 0). Let b(x) = -x**3 - 8*x**2 - 10*x + 4. Let q be b(-8). Calculate the greatest common factor of q and j.
12
Suppose -2 + 0 = -x. Suppose -139 = -x*a - 13. What is the highest common factor of a and 9?
9
Let s = -15 - -7. Let v be -126*(-3 + 7)/s. Let m be 2/(-8) + 29/4. What is the highest common factor of m and v?
7
Let q(l) = l**3 + 2*l**2 - 5. Let d be q(4). Let t = -44 - -76. Suppose -4*f + 20 = -t. What is the greatest common divisor of d and f?
13
Let r be 21/35 + 1*42/5. Calculate the highest common factor of r and 171.
9
Let l = 7 + 4. Let f(k) = 10*k - 13. Let w be 30/(-25)*15/(-2). Let z be f(w). What is the highest common divisor of l and z?
11
Suppose k - 47 = 2*f + 39, 2*f = 4*k - 320. What is the greatest common divisor of k and 52?
26
Sup